1
What are the prime factors of 28731447?
3, 41, 77863
List the prime factors of 78400.
2, 5, 7
List the prime factors of 2280313.
7, 173, 269
What are the prime factors of 353048?
2, 44131
List the prime factors of 236712.
2, 3, 7, 1409
List the prime factors of 6623586.
2, 3, 23, 5333
What are the prime factors of 6706221?
3, 19, 29, 4057
List the prime factors of 500649.
3, 43, 3881
What are the prime factors of 3652001?
683, 5347
List the prime factors of 13656.
2, 3, 569
What are the prime factors of 5769244?
2, 13, 110947
List the prime factors of 127182.
2, 3, 11, 41, 47
List the prime factors of 43350.
2, 3, 5, 17
List the prime factors of 1147271.
1147271
What are the prime factors of 289071?
3, 32119
List the prime factors of 1015826.
2, 7, 72559
What are the prime factors of 141216?
2, 3, 1471
What are the prime factors of 1023248?
2, 31, 2063
List the prime factors of 26424794.
2, 11, 971, 1237
List the prime factors of 95726.
2, 23, 2081
List the prime factors of 913167.
3, 31, 1091
List the prime factors of 145677.
3, 7, 991
List the prime factors of 3813184.
2, 59581
What are the prime factors of 12238066?
2, 6119033
What are the prime factors of 735055?
5, 147011
What are the prime factors of 511623?
3, 7, 2707
What are the prime factors of 502718?
2, 251359
What are the prime factors of 166732?
2, 73, 571
What are the prime factors of 364631?
163, 2237
What are the prime factors of 19046759?
19, 211, 4751
List the prime factors of 1004657.
1004657
What are the prime factors of 584056?
2, 11, 6637
List the prime factors of 501212.
2, 125303
List the prime factors of 1610727.
3, 536909
What are the prime factors of 78336?
2, 3, 17
List the prime factors of 3312085.
5, 7, 173, 547
What are the prime factors of 874537?
874537
List the prime factors of 709105.
5, 37, 3833
List the prime factors of 6511515.
3, 5, 29, 14969
What are the prime factors of 3287586?
2, 3, 367, 1493
List the prime factors of 5985.
3, 5, 7, 19
What are the prime factors of 82901?
7, 13, 911
What are the prime factors of 6139359?
3, 682151
What are the prime factors of 1159972?
2, 11, 41, 643
List the prime factors of 3686933.
631, 5843
What are the prime factors of 494354?
2, 7, 35311
List the prime factors of 1868274.
2, 3, 271, 383
List the prime factors of 94804.
2, 137, 173
What are the prime factors of 127137?
3, 42379
What are the prime factors of 1862006?
2, 931003
List the prime factors of 4853714.
2, 227, 10691
List the prime factors of 12457867.
47, 401, 661
What are the prime factors of 4005666?
2, 3, 7, 10597
List the prime factors of 199481.
19, 10499
What are the prime factors of 11838958?
2, 89, 227, 293
What are the prime factors of 1727405?
5, 173, 1997
List the prime factors of 3130506.
2, 3, 173917
List the prime factors of 6092142.
2, 3, 7, 73, 1987
What are the prime factors of 7354114?
2, 59, 62323
What are the prime factors of 451026?
2, 3, 25057
What are the prime factors of 405763?
405763
What are the prime factors of 1915099?
1915099
List the prime factors of 301126.
2, 7, 137, 157
List the prime factors of 500157.
3, 7, 17, 467
List the prime factors of 774391.
877, 883
List the prime factors of 1872418.
2, 647, 1447
List the prime factors of 216061.
216061
List the prime factors of 268747.
268747
What are the prime factors of 25368581?
7, 43, 271, 311
What are the prime factors of 7636205?
5, 263, 5807
What are the prime factors of 1523556?
2, 3, 14107
What are the prime factors of 409985?
5, 167, 491
List the prime factors of 1990597.
7, 199, 1429
List the prime factors of 3116626.
2, 1558313
What are the prime factors of 7066696?
2, 7, 13, 17, 571
What are the prime factors of 8782570?
2, 5, 347, 2531
List the prime factors of 2534258.
2, 17, 19, 3923
What are the prime factors of 1121383?
1121383
What are the prime factors of 3065994?
2, 3, 59, 2887
List the prime factors of 5073458.
2, 13, 83, 2351
List the prime factors of 105659.
19, 67, 83
List the prime factors of 12870.
2, 3, 5, 11, 13
What are the prime factors of 5579461?
5579461
List the prime factors of 178729.
367, 487
What are the prime factors of 9123861?
3, 673, 4519
What are the prime factors of 3800681?
23, 165247
What are the prime factors of 2372803?
59, 131, 307
List the prime factors of 210035.
5, 7, 17, 353
What are the prime factors of 457596?
2, 3, 19, 223
List the prime factors of 405113.
37, 10949
What are the prime factors of 3509226?
2, 3, 7, 27851
What are the prime factors of 511613?
19, 26927
What are the prime factors of 285545?
5, 13, 23, 191
What are the prime factors of 2392688?
2, 149543
What are the prime factors of 17532182?
2, 29, 302279
List the prime factors of 4566871.
4566871
What are the prime factors of 459310?
2, 5, 23, 1997
What are the prime factors of 51065?
5, 7, 1459
List the prime factors of 1463619.
3, 487873
List the prime factors of 14819564.
2, 137, 27043
List the prime factors of 403589.
31, 47, 277
What are the prime factors of 408184?
2, 7, 37, 197
List the prime factors of 1372430.
2, 5, 71, 1933
What are the prime factors of 61099?
61099
List the prime factors of 91618.
2, 19, 2411
What are the prime factors of 1798460?
2, 5, 89923
What are the prime factors of 1205215?
5, 11, 17, 1289
What are the prime factors of 717318?
2, 3, 7, 5693
List the prime factors of 412210.
2, 5, 41221
List the prime factors of 7093.
41, 173
List the prime factors of 10922351.
11, 992941
What are the prime factors of 151557?
3, 7, 1031
What are the prime factors of 422116?
2, 105529
List the prime factors of 7705817.
7, 1100831
List the prime factors of 269027.
11, 37, 661
What are the prime factors of 193538?
2, 96769
What are the prime factors of 12614214?
2, 3, 19, 110651
What are the prime factors of 19155079?
173, 263, 421
What are the prime factors of 663519?
3, 221173
List the prime factors of 4234349.
7, 604907
What are the prime factors of 18503865?
3, 5, 411197
List the prime factors of 11863842.
2, 3, 29, 41, 1663
What are the prime factors of 1963594?
2, 981797
List the prime factors of 382333.
7, 193, 283
What are the prime factors of 2911669?
163, 17863
List the prime factors of 1503344.
2, 17, 5527
What are the prime factors of 8432929?
37, 59, 3863
List the prime factors of 2016046.
2, 491, 2053
List the prime factors of 476945.
5, 7, 13627
List the prime factors of 10781690.
2, 5, 1078169
What are the prime factors of 178187?
178187
List the prime factors of 39261515.
5, 7852303
List the prime factors of 1606302.
2, 3, 233, 383
What are the prime factors of 120056?
2, 43, 349
What are the prime factors of 16351601?
7, 31, 75353
What are the prime factors of 2394065?
5, 478813
What are the prime factors of 565126?
2, 282563
List the prime factors of 1148767.
31, 37057
List the prime factors of 822483.
3, 91387
What are the prime factors of 48716?
2, 19, 641
What are the prime factors of 84230?
2, 5, 8423
List the prime factors of 7506891.
3, 7, 39719
List the prime factors of 1021103.
419, 2437
What are the prime factors of 1424766?
2, 3, 7, 33923
What are the prime factors of 9614980?
2, 5, 480749
What are the prime factors of 83649?
3, 27883
What are the prime factors of 204526?
2, 7, 2087
List the prime factors of 2954494.
2, 173, 8539
List the prime factors of 16697523.
3, 19, 197, 1487
What are the prime factors of 1714012?
2, 428503
What are the prime factors of 2309062?
2, 7, 23, 71, 101
List the prime factors of 307437.
3, 13, 7883
List the prime factors of 6643746.
2, 3, 369097
List the prime factors of 29873003.
43, 694721
List the prime factors of 270189.
3, 10007
What are the prime factors of 219318?
2, 3, 11, 3323
What are the prime factors of 10424806?
2, 7, 19, 39191
What are the prime factors of 3304603?
53, 62351
List the prime factors of 1027224.
2, 3, 11, 1297
List the prime factors of 2451974.
2, 7, 175141
What are the prime factors of 1190090?
2, 5, 11, 31, 349
List the prime factors of 11960.
2, 5, 13, 23
List the prime factors of 229562.
2, 114781
List the prime factors of 13123706.
2, 277, 23689
List the prime factors of 124811.
19, 6569
List the prime factors of 6295361.
181, 34781
List the prime factors of 4452873.
3, 1484291
What are the prime factors of 56614?
2, 28307
List the prime facto